q - c*a. Let d = q - -32. List the prime factors of d.
37
Let t(w) = 10 + 0 - 3 + 21*w. Let o(i) = 7*i + 2. Let h(r) = 11*o(r) - 4*t(r). What are the prime factors of h(-5)?
29
Let f = 123 + -121. Suppose 5*w - f*r = 1449, -3*w - 4*r - 1453 = -8*w. List the prime factors of w.
17
Let l(g) = g + 3. Suppose -y + 0 = -3. Let k be l(y). Suppose k*w - 12 = 3*w. List the prime factors of w.
2
Let o(j) = -j - 27 + j**2 + 207*j**3 + 2*j + 25. What are the prime factors of o(1)?
3, 23
What are the prime factors of (-3619)/231*-45*1?
3, 5, 47
Let r be 1 + -2 + (-20)/(-5). Let l be 151/r - (-4)/(-12). List the prime factors of (l/4)/((-1)/(-2)).
5
Let p be (-7)/((-35)/15) + 399. Suppose -2*c = x - 222, 3*x + 72 = -3*c + p. List the prime factors of c.
2, 7
Let c(u) = u**2 + 3*u - 2. Let f be c(-4). Let n be (-6)/4*f/(-3). List the prime factors of (-4*n - 3)*-5.
5, 7
Let t be (-642)/16 - (-4)/32. Let r be (1 - t)*(-8)/2. Let z = -91 - r. List the prime factors of z.
73
Let j(x) = -21*x - 7. Suppose 0 = 3*c + 8 + 7. Let f be j(c). Suppose 4*k + 191 = 4*i + 7*k, -2*i + f = 2*k. What are the prime factors of i?
2, 11
What are the prime factors of (-280)/(-2)*(6 + 2)?
2, 5, 7
Suppose -4*i - 6972 = -11*i. List the prime factors of i.
2, 3, 83
Let a(s) = 2*s**3 - 2*s**2 + 50*s + 15. What are the prime factors of a(8)?
3, 19, 23
List the prime factors of (-300)/350 - 7013/(-7).
7, 11, 13
Suppose -p + 4*c = 536 - 2125, -3*c = -15. List the prime factors of p.
1609
Suppose -1 + 16 = 3*z. Suppose -p - 172 = -z*p. What are the prime factors of p?
43
Let j(t) = t**2 + 4*t + 2. Let l be j(-4). Let v(i) = -39*i - 8. Let h be v(-6). Suppose 3*q - h = -5*z, -4*z + 154 = l*q - 0*z. List the prime factors of q.
67
Suppose 4*j - 10824 = 4*l, 2*l + 229 = -j + 2920. List the prime factors of j.
37, 73
Let i(o) = -2*o**3 - 7*o**2 + 2. Suppose -r - 4 = -4*q - 3, 21 = -4*r - q. What are the prime factors of i(r)?
7, 11
Suppose -3*j + 6 = v, 2*v + j = 7 - 0. Suppose v*h = -4*y + 6, 0*h - 2 = -h - y. Suppose h*q - 265 = -3*q. List the prime factors of q.
53
Let g(r) = r**3 + r. Suppose -3*f = -v - 4 + 6, -3*f - 17 = -4*v. Let d be g(f). Suppose 0 = -d*c + 5*y + 26, 0*c = 4*c + 4*y - 52. List the prime factors of c.
13
Suppose -5*b + 13 = 3. Suppose -519 = -4*z + 5*h - 47, -5*h = b*z - 266. What are the prime factors of z?
3, 41
Let d = -39 - 24. Let b be 18/d + 23/7. Suppose b*j = 4*y - 6*y + 171, 0 = -y. What are the prime factors of j?
3, 19
Suppose 63*p = 67*p - 628. List the prime factors of p.
157
Suppose -v + 170 = -q, -4*q - 4*v = -5*v + 677. Let j = q + 308. What are the prime factors of j?
139
Let a(f) = 29*f**3 - 3*f + 1. Let k be a(2). Let b = -689 - -836. Let p = k - b. List the prime factors of p.
2, 5
List the prime factors of 1882 - (6/9)/(12/18).
3, 11, 19
Suppose 5*c - 2647 - 14213 = -2*z, 4*c - 3*z = 13465. What are the prime factors of c?
2, 5, 337
Let s = 4 - -5. List the prime factors of 122 + s/12*4.
5
Suppose -4*h + o + 22 = 0, -2*h = 2*o - 5*o - 16. List the prime factors of h.
5
Suppose 7*o + 5142 = 21746. What are the prime factors of o?
2, 593
Let w(g) = -204*g**3 - 1. List the prime factors of w(-1).
7, 29
Suppose -3*l + 7 + 2 = 0. Suppose -16 = -w - l*k, -w + 53 = 3*w + k. What are the prime factors of w?
13
Let s(n) = -427*n + 26. What are the prime factors of s(-2)?
2, 5, 11
List the prime factors of ((-4)/(16/(-123)))/(3/76).
19, 41
Suppose -12*a = -10*a - 2*r - 46, -4*a + 132 = 4*r. Suppose 0 = -v - v. Suppose u - 5*u + a = v. What are the prime factors of u?
7
Let w = -7293 + 11028. What are the prime factors of w?
3, 5, 83
Suppose 9*q + 522 - 2457 = 0. List the prime factors of (4 + (-32)/10)/(2/q).
2, 43
Suppose -5 = -4*v + 7. Suppose 2*a + 73 = 3*c, 0*a = -4*c + 5*a + 102. Let t = c - v. What are the prime factors of t?
2, 5
Let n = -13 + 13. Suppose 3*s + 2 - 14 = n. Suppose -18 = -s*v + v. What are the prime factors of v?
2, 3
Suppose -d = 2*q - 1022, -2*q + 4*d = -6*q + 2036. List the prime factors of q.
3, 19
Suppose 0 = 2*j - 4*s - 94, -110 + 9 = -2*j - 3*s. Let b = -16 + j. List the prime factors of b.
3, 11
Let j = -140 + 243. Suppose -7*s = -j - 1591. What are the prime factors of s?
2, 11
Suppose 0 = 5*m - 2*m + 27. Let i = 0 - m. Suppose i*k = 10*k - 12. What are the prime factors of k?
2, 3
Suppose 51*k = 46*k + 740. Suppose 11*n = k - 27. What are the prime factors of n?
11
Suppose -3*i - 30125 = -5*g, 17209 = 3*g - 2*i - 867. What are the prime factors of g?
2, 3011
Suppose -169 = -n - 3*g, n + 3*g - 145 = 6*g. What are the prime factors of (-4)/6 - (-8)/12*n?
2, 13
Suppose 9*r = -1066 + 193. List the prime factors of 6*(3 - (-16)/(-6)) - r.
3, 11
Let c(y) = -y + 8. Let n be c(14). Let x(p) be the second derivative of -p**3/6 + 9*p**2/2 + 2*p. What are the prime factors of x(n)?
3, 5
Suppose -109*m - 19512 = -118*m. List the prime factors of m.
2, 271
Let b(c) = -4*c**3 - 17*c**2 - 19*c - 59. List the prime factors of b(-9).
13, 127
Let o be (-371)/(-77) + 1 + (-2)/(-11). List the prime factors of o*212/6 + 2 + -5.
11, 19
Suppose 0 = 43*c - 23*c - 28360. What are the prime factors of c?
2, 709
Suppose -19*m + 10501 = 1400. List the prime factors of m.
479
Suppose -4*z + 4*v = -5348, 5*v + 0 - 10 = 0. What are the prime factors of z?
13, 103
Let p = 45 - 43. List the prime factors of (3 - -4)*((-2 - -3) + p).
3, 7
Suppose 0 = -2*d + 8, d + 10 = 2*c + 5*d. Let b(r) = -3*r**3 - 2*r - 2. Let g be b(c). Suppose -4*j + g = j. List the prime factors of j.
17
Suppose -2*r - 16 - 16 = -2*x, -53 = 3*r + 2*x. List the prime factors of (r - -78)/(2/4).
2, 61
Let x = 114 - -16. Let b = x - 84. What are the prime factors of b?
2, 23
Let n = -5 - -11. Let k be 4848/(-54) - 6/27. What are the prime factors of (n/(-5))/(2/k)?
2, 3
Let h(u) = 31*u**3 - 3*u**2 - 2*u + 6. Let r be h(2). Let j = r + -82. What are the prime factors of j?
2, 3, 13
Suppose 0 = 32*h - 47*h + 9075. What are the prime factors of h?
5, 11
Let c be ((-77)/(-4))/(12/96). Suppose -4*i = -2*f - 706, 3*i + 4*f - 359 = c. What are the prime factors of i?
5, 7
Suppose 0 = s - 0*s - 28. Suppose -4*y + s = -4*w, -2*w = y + w + 13. Suppose 0 = -y*f + 4 + 78. List the prime factors of f.
41
Let h(m) be the second derivative of -7*m**5/10 + m**4/4 + m**3/2 + 17*m. List the prime factors of h(-2).
2, 59
Let q be 4/(-26) - 28/(-13). Suppose -q*u - 4*n - 102 = 0, -u + 0*n = -2*n + 35. Let r = -12 - u. List the prime factors of r.
31
Let l(w) = -w**3 - 16*w**2 - 145*w + 3. What are the prime factors of l(-11)?
3, 331
Let h = 923 + -525. List the prime factors of h.
2, 199
Let i = 3062 - 1708. List the prime factors of i.
2, 677
Suppose -5*q + 0*q = 2*a - 20, -12 = -3*q - 4*a. Let y(m) = 21*m + 13. What are the prime factors of y(q)?
97
Let p be (16/(-6) + 2)*11352/(-16). Let a = p + -275. What are the prime factors of a?
2, 3, 11
Let f(c) = 19*c**2 + c + 2. Suppose 5*k - 10 + 0 = 0. Let w be f(k). Suppose 0 = -4*o + 9*o - w. List the prime factors of o.
2
Let p be 62/((-2)/1) + 2. Let s = 330 + -289. Let g = s + p. List the prime factors of g.
2, 3
Suppose -28*v + 39522 = 14*v. What are the prime factors of v?
941
Let v be 44/10 - 4/10. Let o(q) = q**2 + q + 3. Let c be o(v). Let p = -4 + c. What are the prime factors of p?
19
Suppose -101*i = -99*i - 256. List the prime factors of i.
2
Let y(a) = a**3 + 4*a**2 - 10*a. Let t be y(2). Suppose o - 70 = -5*n - 0*o, -o + 57 = t*n. What are the prime factors of n?
13
Let x = 323 - 195. Suppose 0 = -2*h + 60 + x. What are the prime factors of h?
2, 47
Suppose 3*x - 7 = -4. Let n = 2 + x. Suppose 2*m - n*u = 12, -3*u - 2*u - 16 = -2*m. List the prime factors of m.
3
Let g = 860 + -401. List the prime factors of g.
3, 17
Let u = -6 + 11. Suppose -u = 3*j - 2. Let i(m) = -5*m. List the prime factors of i(j).
5
Let s(x) = -x**3 + 4*x**2 - 5*x + 5. Let h be s(2). Suppose -60 = -4*l - 4*f, h*l - 3*f - 3 = 2*l. Suppose l = -q + 53. List the prime factors of q.
41
What are the prime factors of ((-15)/(-5))/(-4*(-6)/24)?
3
Suppose 0 = -t + 22 + 41. Suppose -y = -5*a - t, 4*a + a - 126 = -2*y. What are the prime factors of y?
3, 7
List the prime factors of 18936/117 - 2/(-13).
2, 3
Suppose -3*j = 3*g - 2817, 954 = -6*g + 7*g - 4*j. List the prime fact